[INFO] cloning repository https://github.com/crazymykl/pistone
[INFO] running `Command { std: "git" "-c" "credential.helper=" "-c" "credential.helper=/workspace/cargo-home/bin/git-credential-null" "clone" "--bare" "https://github.com/crazymykl/pistone" "/workspace/cache/git-repos/https%3A%2F%2Fgithub.com%2Fcrazymykl%2Fpistone", kill_on_drop: false }`
[INFO] [stderr] Cloning into bare repository '/workspace/cache/git-repos/https%3A%2F%2Fgithub.com%2Fcrazymykl%2Fpistone'...
[INFO] running `Command { std: "git" "rev-parse" "HEAD", kill_on_drop: false }`
[INFO] [stdout] ba9f89188158331c07aaf907b63ad86b8ced1083
[INFO] checking crazymykl/pistone against try#72f88fc4e9458f89516a0b8b0868f3718aec5b47 for pr-74989
[INFO] running `Command { std: "git" "clone" "/workspace/cache/git-repos/https%3A%2F%2Fgithub.com%2Fcrazymykl%2Fpistone" "/workspace/builds/worker-5/source", kill_on_drop: false }`
[INFO] [stderr] Cloning into '/workspace/builds/worker-5/source'...
[INFO] [stderr] done.
[INFO] validating manifest of git repo https://github.com/crazymykl/pistone on toolchain 72f88fc4e9458f89516a0b8b0868f3718aec5b47
[INFO] running `Command { std: "/workspace/cargo-home/bin/cargo" "+72f88fc4e9458f89516a0b8b0868f3718aec5b47" "read-manifest" "--manifest-path" "Cargo.toml", kill_on_drop: false }`
[INFO] started tweaking git repo https://github.com/crazymykl/pistone
[INFO] finished tweaking git repo https://github.com/crazymykl/pistone
[INFO] tweaked toml for git repo https://github.com/crazymykl/pistone written to /workspace/builds/worker-5/source/Cargo.toml
[INFO] crate git repo https://github.com/crazymykl/pistone already has a lockfile, it will not be regenerated
[INFO] running `Command { std: "/workspace/cargo-home/bin/cargo" "+72f88fc4e9458f89516a0b8b0868f3718aec5b47" "fetch" "--locked" "--manifest-path" "Cargo.toml", kill_on_drop: false }`
[INFO] [stderr]  Downloading crates ...
[INFO] [stderr]   Downloaded pistoncore-event_loop v0.25.0
[INFO] [stderr]   Downloaded odds v0.2.16
[INFO] [stderr]   Downloaded pistoncore-window v0.22.0
[INFO] [stderr]   Downloaded arrayvec v0.3.18
[INFO] [stderr]   Downloaded piston-gfx_texture v0.17.0
[INFO] [stderr]   Downloaded serde v0.8.9
[INFO] [stderr]   Downloaded pistoncore-glutin_window v0.29.0
[INFO] [stderr]   Downloaded piston v0.25.0
[INFO] [stderr]   Downloaded piston2d-graphics v0.17.0
[INFO] [stderr]   Downloaded piston2d-gfx_graphics v0.31.2
[INFO] [stderr]   Downloaded piston_window v0.52.0
[INFO] running `Command { std: "docker" "create" "-v" "/var/lib/crater-agent-workspace/builds/worker-5/target:/opt/rustwide/target:rw,Z" "-v" "/var/lib/crater-agent-workspace/builds/worker-5/source:/opt/rustwide/workdir:ro,Z" "-v" "/var/lib/crater-agent-workspace/cargo-home:/opt/rustwide/cargo-home:ro,Z" "-v" "/var/lib/crater-agent-workspace/rustup-home:/opt/rustwide/rustup-home:ro,Z" "-e" "SOURCE_DIR=/opt/rustwide/workdir" "-e" "CARGO_TARGET_DIR=/opt/rustwide/target" "-e" "CARGO_HOME=/opt/rustwide/cargo-home" "-e" "RUSTUP_HOME=/opt/rustwide/rustup-home" "-w" "/opt/rustwide/workdir" "-m" "1610612736" "--user" "0:0" "--network" "none" "rustops/crates-build-env@sha256:d92eaeed33fa75130ca1ee6c8a01d1ffb62bac859dfdfb3450e3e5d1c0146529" "/opt/rustwide/cargo-home/bin/cargo" "+72f88fc4e9458f89516a0b8b0868f3718aec5b47" "metadata" "--no-deps" "--format-version=1", kill_on_drop: false }`
[INFO] [stdout] d8193c2044f3d97f548dd44903998521f927850de4279a13af15ceff29886297
[INFO] [stderr] WARNING: Your kernel does not support swap limit capabilities or the cgroup is not mounted. Memory limited without swap.
[INFO] running `Command { std: "docker" "start" "-a" "d8193c2044f3d97f548dd44903998521f927850de4279a13af15ceff29886297", kill_on_drop: false }`
[INFO] running `Command { std: "docker" "inspect" "d8193c2044f3d97f548dd44903998521f927850de4279a13af15ceff29886297", kill_on_drop: false }`
[INFO] running `Command { std: "docker" "rm" "-f" "d8193c2044f3d97f548dd44903998521f927850de4279a13af15ceff29886297", kill_on_drop: false }`
[INFO] [stdout] d8193c2044f3d97f548dd44903998521f927850de4279a13af15ceff29886297
[INFO] running `Command { std: "docker" "create" "-v" "/var/lib/crater-agent-workspace/builds/worker-5/target:/opt/rustwide/target:rw,Z" "-v" "/var/lib/crater-agent-workspace/builds/worker-5/source:/opt/rustwide/workdir:ro,Z" "-v" "/var/lib/crater-agent-workspace/cargo-home:/opt/rustwide/cargo-home:ro,Z" "-v" "/var/lib/crater-agent-workspace/rustup-home:/opt/rustwide/rustup-home:ro,Z" "-e" "SOURCE_DIR=/opt/rustwide/workdir" "-e" "CARGO_TARGET_DIR=/opt/rustwide/target" "-e" "CARGO_INCREMENTAL=0" "-e" "RUST_BACKTRACE=full" "-e" "RUSTFLAGS=--cap-lints=forbid" "-e" "CARGO_HOME=/opt/rustwide/cargo-home" "-e" "RUSTUP_HOME=/opt/rustwide/rustup-home" "-w" "/opt/rustwide/workdir" "-m" "1610612736" "--user" "0:0" "--network" "none" "rustops/crates-build-env@sha256:d92eaeed33fa75130ca1ee6c8a01d1ffb62bac859dfdfb3450e3e5d1c0146529" "/opt/rustwide/cargo-home/bin/cargo" "+72f88fc4e9458f89516a0b8b0868f3718aec5b47" "check" "--frozen" "--all" "--all-targets" "--message-format=json", kill_on_drop: false }`
[INFO] [stdout] 19ee594e46dd7a9f6d0a2a287de18a909618014415053d3381dc593314f00940
[INFO] [stderr] WARNING: Your kernel does not support swap limit capabilities or the cgroup is not mounted. Memory limited without swap.
[INFO] running `Command { std: "docker" "start" "-a" "19ee594e46dd7a9f6d0a2a287de18a909618014415053d3381dc593314f00940", kill_on_drop: false }`
[INFO] [stderr]    Compiling bitflags v0.7.0
[INFO] [stderr]    Compiling winapi-build v0.1.1
[INFO] [stderr]    Compiling log v0.3.6
[INFO] [stderr]    Compiling itoa v0.1.1
[INFO] [stderr]    Compiling dtoa v0.2.2
[INFO] [stderr]    Compiling serde v0.8.9
[INFO] [stderr]    Compiling khronos_api v1.0.0
[INFO] [stderr]     Checking winapi v0.2.8
[INFO] [stderr]     Checking num-traits v0.1.35
[INFO] [stderr]     Checking rustc-serialize v0.3.19
[INFO] [stderr]     Checking piston-float v0.2.0
[INFO] [stderr]    Compiling gcc v0.3.35
[INFO] [stderr]     Checking bitflags v0.6.0
[INFO] [stderr]     Checking shader_version v0.2.1
[INFO] [stderr]     Checking crossbeam v0.2.10
[INFO] [stderr]    Compiling pkg-config v0.3.8
[INFO] [stderr]     Checking odds v0.2.16
[INFO] [stderr]     Checking glob v0.2.11
[INFO] [stderr]     Checking interpolation v0.1.0
[INFO] [stderr]     Checking piston-shaders_graphics2d v0.2.1
[INFO] [stderr]     Checking rand v0.3.14
[INFO] [stderr]     Checking num_cpus v0.2.13
[INFO] [stderr]     Checking shared_library v0.1.5
[INFO] [stdout] error[E0642]: patterns aren't allowed in functions without bodies
[INFO] [stdout]    --> /opt/rustwide/cargo-home/registry/src/github.com-1ecc6299db9ec823/rustc-serialize-0.3.19/src/serialize.rs:147:45
[INFO] [stdout]     |
[INFO] [stdout] 147 | ...                   &f_name: &str,
[INFO] [stdout]     |                       ^^^^^^^ pattern not allowed in function without body
[INFO] [stdout] 
[INFO] [stdout] 
[INFO] [stderr]     Checking piston-viewport v0.2.0
[INFO] [stderr]     Checking vecmath v0.2.0
[INFO] [stderr]     Checking gif v0.9.0
[INFO] [stderr]    Compiling xml-rs v0.3.4
[INFO] [stderr]     Checking stb_truetype v0.2.0
[INFO] [stderr]     Checking draw_state v0.6.0
[INFO] [stderr]    Compiling tempfile v2.1.4
[INFO] [stderr]     Checking nodrop v0.1.8
[INFO] [stderr]    Compiling kernel32-sys v0.2.2
[INFO] [stderr]     Checking osmesa-sys v0.1.2
[INFO] [stderr]     Checking piston2d-graphics v0.17.0
[INFO] [stderr]     Checking num-integer v0.1.32
[INFO] [stderr]     Checking arrayvec v0.3.18
[INFO] [stderr]     Checking num-iter v0.1.32
[INFO] [stderr]    Compiling x11-dl v2.8.0
[INFO] [stderr]    Compiling miniz-sys v0.1.7
[INFO] [stderr]     Checking gfx_core v0.4.0
[INFO] [stderr]     Checking num v0.1.35
[INFO] [stderr]     Checking fs2 v0.2.5
[INFO] [stderr]     Checking time v0.1.35
[INFO] [stderr]     Checking enum_primitive v0.1.0
[INFO] [stderr]     Checking rusttype v0.2.1
[INFO] [stderr]     Checking memmap v0.2.3
[INFO] [stderr]     Checking deque v0.3.1
[INFO] [stderr]     Checking rayon v0.4.2
[INFO] [stderr]    Compiling gl_generator v0.5.2
[INFO] [stderr]    Compiling wayland-scanner v0.5.11
[INFO] [stdout] error: aborting due to previous error
[INFO] [stdout] 
[INFO] [stdout] 
[INFO] [stdout] For more information about this error, try `rustc --explain E0642`.
[INFO] [stdout] 
[INFO] [stderr] error: could not compile `rustc-serialize`.
[INFO] [stderr] 
[INFO] [stderr] To learn more, run the command again with --verbose.
[INFO] [stderr] warning: build failed, waiting for other jobs to finish...
[INFO] [stdout] error[E0311]: the parameter type `K` may not live long enough
[INFO] [stdout]   --> /opt/rustwide/cargo-home/registry/src/github.com-1ecc6299db9ec823/rusttype-0.2.1/src/support/bst/map.rs:81:19
[INFO] [stdout]    |
[INFO] [stdout] 81 |             match node.force() {
[INFO] [stdout]    |                   ^^^^
[INFO] [stdout]    |
[INFO] [stdout] note: the parameter type `K` must be valid for the anonymous lifetime #1 defined on the function body at 77:9...
[INFO] [stdout]   --> /opt/rustwide/cargo-home/registry/src/github.com-1ecc6299db9ec823/rusttype-0.2.1/src/support/bst/map.rs:77:9
[INFO] [stdout]    |
[INFO] [stdout] 77 | /         fn clone_subtree<K: Clone, V: Clone>(
[INFO] [stdout] 78 | |                 node: node::NodeRef<marker::Immut, K, V, marker::LeafOrInternal>)
[INFO] [stdout] 79 | |                 -> BTreeMap<K, V> {
[INFO] [stdout]    | |_________________________________^
[INFO] [stdout] 
[INFO] [stdout] 
[INFO] [stdout] error[E0311]: the parameter type `V` may not live long enough
[INFO] [stdout]   --> /opt/rustwide/cargo-home/registry/src/github.com-1ecc6299db9ec823/rusttype-0.2.1/src/support/bst/map.rs:81:19
[INFO] [stdout]    |
[INFO] [stdout] 81 |             match node.force() {
[INFO] [stdout]    |                   ^^^^
[INFO] [stdout]    |
[INFO] [stdout] note: the parameter type `V` must be valid for the anonymous lifetime #1 defined on the function body at 77:9...
[INFO] [stdout]   --> /opt/rustwide/cargo-home/registry/src/github.com-1ecc6299db9ec823/rusttype-0.2.1/src/support/bst/map.rs:77:9
[INFO] [stdout]    |
[INFO] [stdout] 77 | /         fn clone_subtree<K: Clone, V: Clone>(
[INFO] [stdout] 78 | |                 node: node::NodeRef<marker::Immut, K, V, marker::LeafOrInternal>)
[INFO] [stdout] 79 | |                 -> BTreeMap<K, V> {
[INFO] [stdout]    | |_________________________________^
[INFO] [stdout] 
[INFO] [stdout] 
[INFO] [stdout] error: aborting due to 2 previous errors
[INFO] [stdout] 
[INFO] [stdout] 
[INFO] [stderr] error: build failed
[INFO] running `Command { std: "docker" "inspect" "19ee594e46dd7a9f6d0a2a287de18a909618014415053d3381dc593314f00940", kill_on_drop: false }`
[INFO] running `Command { std: "docker" "rm" "-f" "19ee594e46dd7a9f6d0a2a287de18a909618014415053d3381dc593314f00940", kill_on_drop: false }`
[INFO] [stdout] 19ee594e46dd7a9f6d0a2a287de18a909618014415053d3381dc593314f00940
